te number?
True
Is 139241 composite?
False
Is 797 prime?
True
Is 2531 a prime number?
True
Is 49963 a composite number?
True
Is 1931 prime?
True
Is 39473 a composite number?
True
Is 1087 a composite number?
False
Is 82009 composite?
False
Is 255641 prime?
True
Is 175309 a composite number?
False
Is 27823 prime?
True
Is 48647 a composite number?
False
Is 151109 a composite number?
True
Is 40643 a composite number?
True
Is 35729 composite?
False
Is 20158 composite?
True
Is 1312201 a composite number?
True
Is 140297 composite?
False
Is 5359 composite?
True
Is 681589 a prime number?
True
Is 1471 composite?
False
Is 146947 prime?
False
Is 990137 a prime number?
True
Is 83497 a composite number?
False
Is 27273 a prime number?
False
Is 4487 prime?
False
Is 5897 a composite number?
False
Is 11467 prime?
True
Is 126869 prime?
False
Is 27139 a composite number?
True
Is 15959 prime?
True
Is 56501 prime?
True
Is 19645 a composite number?
True
Is 923 a prime number?
False
Is 2787 composite?
True
Is 339307 prime?
True
Is 163499 composite?
True
Is 597515 a composite number?
True
Is 12057 a composite number?
True
Is 3845701 prime?
True
Is 45659 composite?
False
Is 18397 prime?
True
Is 26473 a prime number?
False
Is 4413 a prime number?
False
Is 28327 prime?
False
Is 6857 composite?
False
Is 533719 prime?
True
Is 550019 composite?
True
Is 15117 a composite number?
True
Is 1941881 composite?
False
Is 60077 prime?
True
Is 862037 a prime number?
False
Is 1679 a composite number?
True
Is 366329 a composite number?
False
Is 21719 a composite number?
True
Is 7629 prime?
False
Is 72749 composite?
True
Is 1336793 a composite number?
False
Is 124283 a prime number?
False
Is 296567 prime?
False
Is 14021 prime?
False
Is 33137 prime?
False
Is 25202 a prime number?
False
Is 125681 prime?
False
Is 855769 prime?
False
Is 284857 prime?
True
Is 490733 a prime number?
True
Is 10473 a composite number?
True
Is 31129 composite?
True
Is 8887 a prime number?
True
Is 174481 a composite number?
False
Is 211865 a composite number?
True
Is 14851 a composite number?
False
Is 23939 prime?
False
Is 605221 a prime number?
True
Is 34517 a prime number?
False
Is 119227 a composite number?
False
Is 463673 composite?
True
Is 29182 prime?
False
Is 467911 a composite number?
True
Is 163421 a prime number?
False
Is 210523 a prime number?
True
Is 13894 a composite number?
True
Is 1087 composite?
False
Is 324907 a prime number?
False
Is 8999 prime?
True
Is 85597 prime?
True
Is 16381 composite?
False
Is 314077 a composite number?
False
Is 73939 a composite number?
False
Is 3203 composite?
False
Is 187691 composite?
True
Is 25013 composite?
False
Is 1706 composite?
True
Is 63353 prime?
True
Is 38039 a composite number?
False
Is 335091 prime?
False
Is 15053 a composite number?
False
Is 223981 prime?
False
Is 504139 a prime number?
True
Is 449921 prime?
True
Is 179659 a prime number?
True
Is 12007 a prime number?
True
Is 6247 composite?
False
Is 1087 composite?
False
Is 7262 a composite number?
True
Is 110809 composite?
True
Is 41161 composite?
False
Is 63565 composite?
True
Is 24233 a prime number?
False
Is 1091 composite?
False
Is 6983 composite?
False
Is 81131 prime?
True
Is 289257 prime?
False
Is 171863 a prime number?
True
Is 3251 prime?
True
Is 787801 a prime number?
False
Is 494579 a composite number?
True
Is 701 prime?
True
Is 241985 a composite number?
True
Is 36833 a composite number?
False
Is 56821 prime?
True
Is 3037 a composite number?
False
Is 607619 a composite number?
False
Is 5851 composite?
False
Is 722107 a prime number?
False
Is 21377 a prime number?
True
Is 101219 a composite number?
True
Is 147083 prime?
True
Is 14051 prime?
True
Is 545899 a prime number?
True
Is 39499 a composite number?
False
Is 4126549 a composite number?
True
Is 89977 composite?
False
Is 103583 a composite number?
False
Is 1318 a prime number?
False
Is 11 a composite number?
False
Is 5471 prime?
True
Is 36587 a prime number?
True
Is 2594417 composite?
True
Is 46609 composite?
True
Is 20563 a prime number?
True
Is 181001 composite?
False
Is 236035 prime?
False
Is 280109 prime?
False
Is 2363 a composite number?
True
Is 18773 prime?
True
Is 78829 composite?
True
Is 4567 composite?
False
Is 110549 a composite number?
True
Is 550267 a prime number?
True
Is 53707 prime?
False
Is 94813 composite?
True
Is 2291 a composite number?
True
Is 3193601 a composite number?
False
Is 15833 composite?
True
Is 10391 prime?
True
Is 220747 a composite number?
False
Is 407621 a composite number?
False
Is 1055 a prime number?
False
Is 118619 prime?
True
Is 126809 composite?
True
Is 10327 a composite number?
True
Is 948201 prime?
False
Is 49991 composite?
False
Is 8497 prime?
False
Is 62597 prime?
True
Is 97939 composite?
True
Is 5361 a composite number?
True
Is 154909 prime?
False
Is 156566 composite?
True
Is 90161 a composite number?
True
Is 788477 a prime number?
False
Is 1003693 prime?
True
Is 20477 a composite number?
False
Is 3457 composite?
False
Is 219289 composite?
True
Is 23147 prime?
False
Is 3821 composite?
False
Is 51031 composite?
False
Is 24683 a prime number?
True
Is 2633 composite?
False
Is 72211 a prime number?
True
Is 237467 prime?
True
Is 6469 a composite number?
False
Is 72599 prime?
False
Is 12193 a composite number?
True
Is 288237 prime?
False
Is 23327 a prime number?
True
Is 2032547 a prime number?
False
Is 21389 a composite number?
True
Is 145994 prime?
False
Is 251257 a composite number?
False
Is 199707 prime?
False
Is 843323 composite?
True
Is 571899 a composite number?
True
Is 904979 prime?
False
Is 11399 prime?
True
Is 10231 composite?
True
Is 1564399 a prime number?
True
Is 23507 a prime number?
False
Is 20611 a composite number?
False
Is 2838137 prime?
True
Is 181679 a composite number?
True
Is 388457 prime?
False
Is 68999 composite?
True
Is 14123 prime?
False
Is 2305 a prime number?
False
Is 9005 composite?
True
Is 9383 a composite number?
True
Is 2012807 composite?
False
Is 907363 a composite number?
False
Is 21713 a prime number?
True
Is 637709 composite?
False
Is 85573 prime?
False
Is 693647 a composite number?
True
Is 7517 a composite number?
False
Is 644573 a prime number?
False
Is 54539 a composite number?
False
Is 481721 composite?
False
Is 17311 composite?
True
Is 22249 prime?
False
Is 384922 a composite number?
True
Is 14303 composite?
False
Is 242857 a prime number?
False
Is 6521 a prime number?
True
Is 9733201 composite?
False
Is 22693 composite?
True
Is 8003 prime?
False
Is 224843 composite?
True
Is 1973 a composite number?
False
Is 11335 a prime number?
False
Is 37427 composite?
True
Is 35669 composite?
True
Is 19531 a composite number?
False
Is 440183 composite?
False
Is 33281 prime?
False
Is 456193 a prime number?
True
Is 360587 a composite number?
True
Is 59107 a prime number?
True
Is 28081 prime?
True
Is 36479 prime?
True
Is 7433 composite?
False
Is 610733 a composite number?
False
Is 8779 composite?
False
Is 329051 prime?
False
Is 37357 a composite number?
False
Is 14165 a prime number?
False
Is 59207 a composite number?
False
Is 221891 composite?
False
Is 96567 composite?
True
Is 72949 composite?
False
Is 58757 composite?
False
Is 440767 a composite number?
True
Is 5381 composite?
False
Is 1832057 a composite number?
False
Is 4723409 prime?
True
Is 239347 prime?
True
Is 677 prime?
True
Is 17414 prime?
False
Is 497051 a composite number?
False
Is 721829 a composite number?
True
Is 428269 prime?
False
Is 4937 composite?
False
Is 4289 prime?
True
Is 229003 composite?
False
Is 141587 a prime number?
True
Is 339659 a prime number?
True
Is 231701 a prime number?
True
Is 662347 a composite number?
True
Is 25577 a composite number?
False
Is 10085 composite?
True
Is 2333 a prime number?
True
Is 545667 a composite number?
True
Is 250273 prime?
False
Is 39787 composite?
True
Is 109447 composite?
True
Is 23459 prime?
True
Is 29447 prime?
False
Is 747713 composite?
False
Is 30829 composite?
False
Is 80243 composite?
True
Is 142271 a composite number?
False
Is 40231 prime?
True
Is 4783 a composite number?
False
Is 50117 prime?
False
Is 64681 composite?
True
Is 1511 a prime number?
True
Is 5833 prime?
False
Is 29242 a composite number?
True
Is 287077 a prime number?
False
Is 235609 a prime numb